*s - 4*y = 0. List the prime factors of s.
2
Let q(f) = -3*f**2 - 77*f + 6. Let w be q(-24). Let j = w + -45. What are the prime factors of j?
3
Suppose -4*i - 929*z + 926*z + 60567 = 0, -5*i = 4*z - 75708. List the prime factors of i.
2, 3, 631
Suppose -6*r + 2*r + 5*w = 319, 5*w + 137 = -2*r. List the prime factors of (-183)/(-2)*(7 + r/12).
61
Let m be (-30)/(7 - (-3404)/(-488)). Let k = 2124 + m. List the prime factors of k.
2, 113
What are the prime factors of (21605840/7800 - 2/(-13)) + 2/(-15)?
2, 5, 277
Suppose 4*w + l - 2845 = 0, 2*w = 2*l + 605 + 825. What are the prime factors of w?
2, 89
Let y = -23 - 32. Let k = -47 - y. Suppose 1889 + 15 = k*g. List the prime factors of g.
2, 7, 17
Suppose -11*w - 1139076 = -65*w. What are the prime factors of w?
2, 53, 199
Let p(s) = -3*s. Let n(j) = 143*j - 52. Let q(x) = n(x) - 4*p(x). List the prime factors of q(3).
7, 59
Let u = 47085 + -22850. What are the prime factors of u?
5, 37, 131
Let l = -14 - -10. Let y be 176/28 - l/(-14). What are the prime factors of ((-354)/9*-1)/(2/y)?
2, 59
Suppose s - 22 + 25 = 0. Let o be (-1)/s + ((-404)/(-12) - -8). Let u = 74 + o. What are the prime factors of u?
2, 29
Let n be (1584/180)/((6/35)/3). Let b = n - 88. List the prime factors of b.
2, 3, 11
Suppose g + 6*o = 2*o + 127, 4*o + 20 = 0. Let n = 341 - g. What are the prime factors of n?
2, 97
Let v be 752/24 - (-1)/(-3). Let j = 4 + v. Suppose -f + j = -138. What are the prime factors of f?
173
Let q(p) be the first derivative of -p**4/2 - 26*p**3/3 - 7*p**2/2 - 12*p + 3. What are the prime factors of q(-14)?
2, 239
Suppose 166*r - 259*r + 522420 = -821709. What are the prime factors of r?
97, 149
Let k = -131 - -129. What are the prime factors of 4/(2/k*4/(-178))?
2, 89
Suppose 0 = 30*t - 17*t - 224666. List the prime factors of t.
2, 8641
Let b = 64548 - 43320. List the prime factors of b.
2, 3, 29, 61
Let b be (-6 - -7)*(-6)/(-4 - -2). Suppose 2*s - 2*p - 408 = 0, -b*s - p + 626 = 3*p. List the prime factors of s.
2, 103
Suppose 5*w - 90 = 720. Suppose 0 = -0*r + 9*r + w. Let b = 12 - r. What are the prime factors of b?
2, 3, 5
Let y(h) = h**3 - 7*h**2 - 16*h - 6. Let n = 80 - 71. Let q be y(n). Suppose -q*d + 1859 = 47. What are the prime factors of d?
151
Let o = -9 + 19. Let t be o/(-45) + 1537/(-9). Let h = -122 - t. What are the prime factors of h?
7
Let x be 0 + (-11 + 2)/(-3). Suppose x*i = 6, -5*n + 4054 = -0*n - 3*i. What are the prime factors of n?
2, 7, 29
Let n(q) be the first derivative of 1/2*q**4 - 5 + 5*q - 4/3*q**3 - 7/2*q**2. What are the prime factors of n(4)?
41
Suppose 329*p - 395*p + 718608 = 0. What are the prime factors of p?
2, 1361
List the prime factors of (1066/3)/(13/39) - -1.
11, 97
Let d be -4*12*4/56*7. List the prime factors of (-298)/((4/6)/(d/18)).
2, 149
Suppose -4*f = -4*d, -3*d - 3*f = -0*d - 6. Suppose 0 = 2*b + 2, 0 = -3*o + 7*b - 2*b + 785. List the prime factors of ((-6)/(-15))/(d/o).
2, 13
Let d be ((-1)/(6/(-4)))/((-3)/117). Let s = 470 - d. List the prime factors of s.
2, 31
Suppose -u - 29 = 21. Let y = u + 50. Suppose -3*v + 4*n + 631 = 3*n, 4*v + 2*n - 838 = y. List the prime factors of v.
2, 3, 5, 7
Suppose -q + 5 = -2*t, 0 = -2*t - 2*t - 3*q + 15. Suppose 8*g - 668 - 948 = t. List the prime factors of g.
2, 101
Suppose -4*z + 372 + 352 = 0. Suppose -14*y - z = -685. What are the prime factors of y?
2, 3
Let h = 98 + -76. Let s(y) = y**3 - 21*y**2 - 22*y - 1. Let t be s(h). What are the prime factors of 13176/(-48)*((-4)/(-6))/t?
3, 61
Let b = 217 + 9. Suppose 0 = -5*r + o + 6326, b = -5*r + 4*o + 6555. List the prime factors of (-6)/(-4) - 1 - r/(-22).
2, 29
Suppose 36 - 111 = -5*k. Suppose 4*z - 2019 - 333 = 0. List the prime factors of (z/(-30))/(((-12)/k)/4).
2, 7
Let b = -87 + 41. Let t = -23 - b. Let r = 43 - t. List the prime factors of r.
2, 5
Let t(n) = -10724*n + 2676. What are the prime factors of t(-6)?
2, 3, 5, 1117
Suppose -70*t = -63*t - 77. Suppose -5*a - 3240 = -t*a. What are the prime factors of a?
2, 3, 5
Let y(k) be the third derivative of k**6/60 - k**5/15 - 7*k**3/3 + 2*k**2 - 35. List the prime factors of y(5).
2, 17
Suppose 0 = -10*c - 1976 + 5934 + 33432. List the prime factors of c.
3739
Suppose 4*i - 64*i - 249276 + 1163856 = 0. What are the prime factors of i?
3, 5081
Let j(z) = -6*z + 74. Let p be j(13). What are the prime factors of 505 - 5 - (p - -1)?
503
Let m(f) = f**3 + f**2 - 4*f - 2. Let s be m(-3). List the prime factors of (s - -35)*(-3)/(6/(-4)).
2, 3
Let f(h) = h**3 + h + 2. Let t(v) = 3*v**3 + 21*v**2 - 25*v + 45. Let d(l) = 2*f(l) - t(l). List the prime factors of d(-23).
2, 3, 11
List the prime factors of (835*11)/((-690)/(-1380)).
2, 5, 11, 167
Let t = 680 - 87. Suppose 401 = 2*y + 5*j - 2*j, 0 = 3*y - 4*j - t. What are the prime factors of y?
199
Suppose 2*u = -4*n + 2824, 3*u - n - 6852 + 2581 = 0. Let v = 2907 - u. List the prime factors of v.
3, 5, 11
Suppose 4820 = 4*t - 472. What are the prime factors of (t/4)/(1/((-40)/(-15)))?
2, 3, 7
Suppose 37*z - 63564 + 24851 = 158608. What are the prime factors of z?
5333
Suppose -17 = -5*r + 3. Suppose -3*p - 9 = -29*q + 31*q, -2*q + 2*p = -16. Suppose -c - 3*c - q*u = -272, 268 = 4*c + r*u. List the prime factors of c.
71
Let s = -7 - -9. Let k(z) = -13*z**3 - z**2 - 2. Let n be k(s). List the prime factors of (-40 - n)*(-1 - (-3 - -1)).
2, 5, 7
Suppose 5*j = -764 - 326. Let w be j/3*(6 + 84/(-8)). Suppose -t - 153 = -2*f, -5*f - t = -w - 45. List the prime factors of f.
3, 5
Suppose -30*k = -38*k + 1056. Suppose -3*z + 3*n + k = 0, 16*z - 208 = 11*z + n. List the prime factors of z.
41
Let f(j) = j**3 + j**2 - 15*j + 15. Let o = 36 + -31. Suppose -o*p = -2*p - 18. List the prime factors of f(p).
3, 59
Suppose -4*v - 2*x = 30, -15 = 32*x - 27*x. List the prime factors of v - -708*(2 + -1).
2, 3, 13
Let o be (2/(-4))/(2*2/(-5776)). Suppose -4*x - 122 + o = 0. Suppose -120 - x = -10*r. What are the prime factors of r?
3
Suppose -39*a + 44*a = -35. Let k = 25 - a. What are the prime factors of 126/(4/(k/6))?
2, 3, 7
Suppose 5*n - 4*d - d = 67505, -5*n = -3*d - 67503. Suppose -z - n = -31*z. What are the prime factors of z?
2, 3, 5
Let a be (-3325)/15 - (-1)/(-3). Let l be a/2 + (-2 - -1). Let n = l - -163. List the prime factors of n.
3, 17
Suppose 18144 = 2*f - 4*a, 25*f + a + 9071 = 26*f. List the prime factors of f.
2, 5, 907
Suppose 0 = 23*k - 31*k - 48. List the prime factors of 4 - 77*18/k.
5, 47
List the prime factors of ((-444)/(-48) + -5 + -1 + -3)*55124.
13781
Let v(m) = -m**3 + 21*m**2 + m - 24. Let d be v(21). Let j be (32/(-12))/1*(d + 0). Suppose -p + b + j = -0, -3*b = 3*p - 54. List the prime factors of p.
13
Suppose t - 2093 = 2*f + 3315, -27054 = -5*t + 3*f. List the prime factors of t.
2, 3, 11, 41
Let g be (4/6)/(3/153). Let d = g + -33. What are the prime factors of d*(2 - 0/5)?
2
Let q(h) = -141*h - 76. List the prime factors of q(-16).
2, 5, 109
Let o be 30/4 + 2/4. Suppose -18 = -2*i - o. Suppose -3*h + 360 = -3*a, -h + i*a + 122 - 14 = 0. List the prime factors of h.
3, 41
Suppose 5*h = -18*t + 17*t + 18435, 0 = 15*t. What are the prime factors of h?
3, 1229
Suppose 2*p + 6524 = -2*v, 0 = -100*p + 99*p + 1. Let b = -1872 - v. What are the prime factors of b?
13, 107
Let a(u) = 24*u + 22. Let o be a(-2). Let t(l) = -4*l - 80. What are the prime factors of t(o)?
2, 3
Let x = -69 + 72. Suppose x*r - 2*g - 80 = 0, 2*g = 4*g - 10. What are the prime factors of (24/r)/((-1)/(-65))?
2, 13
Let b(c) = -1460*c + 3908. What are the prime factors of b(-18)?
2, 7547
Let h be 24*3/12 + -5. Let w(a) = -143*a + 2. Let m(s) = 215*s - 3. Let o(j) = 5*m(j) + 7*w(j). What are the prime factors of o(h)?
73
Let i(t) = -t**3 + 32*t**2 + 204*t + 177. What are the prime factors of i(27)?
2, 3, 5, 311
Let a = 5045 + -4660. List the prime factors of a.
5, 7, 11
Let r(j) = j + 28. Let c be (-7)/(63/(-2))*9. Let d(b) = -2*b**3 + b. Let m be d(c). List the prime factors of r(m).
2, 7
Suppose -o - 4*q = -3*q - 507, -5*o - q + 2551 = 0. Let c = o - -109. What are the prime factors of c?
2, 5, 31
Let q = 2727 + 8287. What are the prime factors of q?
2, 5507
Suppose 24*y + 10*y = 351589 + 32917. List the prime factors of y.
43, 263
Let h(p) = p**3 + 41*p**2 - 9*